{"id":1876,"date":"2022-02-15T23:46:34","date_gmt":"2022-02-15T21:46:34","guid":{"rendered":"http:\/\/massatelier-donath.de\/?page_id=1876"},"modified":"2022-02-16T15:53:25","modified_gmt":"2022-02-16T13:53:25","slug":"home","status":"publish","type":"page","link":"http:\/\/massatelier-donath.de\/","title":{"rendered":"Home"},"content":{"rendered":"\n<div class=\"wp-block-media-text alignwide is-stacked-on-mobile\" style=\"grid-template-columns:51% auto\"><figure class=\"wp-block-media-text__media\"><img loading=\"lazy\" decoding=\"async\" width=\"683\" height=\"1024\" src=\"http:\/\/massatelier-donath.de\/wp-content\/uploads\/cd_01_home_conny-683x1024.jpg\" alt=\"\" class=\"wp-image-1877 size-full\" srcset=\"http:\/\/massatelier-donath.de\/wp-content\/uploads\/cd_01_home_conny-683x1024.jpg 683w, http:\/\/massatelier-donath.de\/wp-content\/uploads\/cd_01_home_conny-200x300.jpg 200w, http:\/\/massatelier-donath.de\/wp-content\/uploads\/cd_01_home_conny-768x1152.jpg 768w, http:\/\/massatelier-donath.de\/wp-content\/uploads\/cd_01_home_conny-100x150.jpg 100w, http:\/\/massatelier-donath.de\/wp-content\/uploads\/cd_01_home_conny-150x225.jpg 150w, http:\/\/massatelier-donath.de\/wp-content\/uploads\/cd_01_home_conny-300x450.jpg 300w, http:\/\/massatelier-donath.de\/wp-content\/uploads\/cd_01_home_conny-450x675.jpg 450w, http:\/\/massatelier-donath.de\/wp-content\/uploads\/cd_01_home_conny-600x900.jpg 600w, http:\/\/massatelier-donath.de\/wp-content\/uploads\/cd_01_home_conny.jpg 886w\" sizes=\"auto, (max-width: 683px) 100vw, 683px\" \/><\/figure><div class=\"wp-block-media-text__content\">\n<p>Im Jahr 2000 entstand auf dem Wei\u00dfen Hirsch in Dresden das kleine, feine Ma\u00dfatelier Donath, nachdem es bereits 1993 von der frischgebackenen Damenschneidermeisterin Cornelia Donath im naheliegenden Ortsteil B\u00fchlau gegr\u00fcndet wurde.<\/p>\n\n\n\n<p class=\"has-normal-font-size\">Mit Liebe zum Design und handwerklicher Pr\u00e4zision schneidert die erfahrene Handwerksmeisterin Ihnen Ihre individuellen Modew\u00fcnsche auf den Leib. <\/p>\n\n\n\n<p class=\"has-text-color\" style=\"color:#700424;font-size:22px\"><strong>\u201eMa\u00dfgefertigtes f\u00fcr Unangepasste\u201c<\/strong> <\/p>\n\n\n\n<p class=\"has-normal-font-size\">ist eine treffende Beschreibung f\u00fcr ihre typgerechte Beratung hinsichtlich Pers\u00f6nlichkeit und Figur, Schnittdesign, Stoffen und Farben.<\/p>\n\n\n\n<p class=\"has-normal-font-size\">Zusammen mit ihrer Auszubildenden Antonia, einer von 16 erfolgreich ausgebildeten Nachwuchskr\u00e4ften, steht die Schneidermeisterin Cornelia Donath f\u00fcr die Fertigung individueller, exklusiver Ma\u00dfkleidung f\u00fcr Damen und professionellen \u00c4nderungsservice.<\/p>\n\n\n\n<p class=\"has-normal-font-size\">Dabei spielen neben dem handwerklichen K\u00f6nnen und dem Gef\u00fchl f\u00fcr Formen, Farben und Material ein gutes Gesp\u00fcr f\u00fcr die Bed\u00fcrfnisse und W\u00fcnsche ihrer Kundinnen eine entscheidende Rolle. Freundlichkeit, Geduld und gutes Zuh\u00f6ren sind dabei genauso wichtig wie Aufrichtigkeit, Vertrauensw\u00fcrdigkeit und das st\u00e4ndige Bem\u00fchen um beste Qualit\u00e4t.<\/p>\n<\/div><\/div>\n\n\n\n<h3 class=\"has-accent-1-color has-text-color wp-block-heading\" id=\"block-c8a5d432-18ea-4e46-9198-d12abf7d47a1\">&#8222;Der sch\u00f6nste Lohn ist eine strahlende Kundin in ihrem neuen Kleid. Daf\u00fcr setzen wir uns t\u00e4glich <strong>mit aller Kraft und Leidenschaft ein.\u201c <\/strong><\/h3>\n\n\n\n<div class=\"wp-block-buttons is-content-justification-right is-layout-flex wp-block-buttons-is-layout-flex\">\n<div class=\"wp-block-button\"><a class=\"wp-block-button__link has-accent-2-color has-headings-background-color has-text-color has-background\" href=\"http:\/\/massatelier-donath.de\/?page_id=1899\">Kontakt<\/a><\/div>\n<\/div>\n","protected":false},"excerpt":{"rendered":"<p>Im Jahr 2000 entstand auf dem Wei\u00dfen Hirsch in Dresden das kleine, feine Ma\u00dfatelier Donath, nachdem es bereits 1993 von der frischgebackenen Damenschneidermeisterin Cornelia Donath &hellip;<\/p>\n","protected":false},"author":1,"featured_media":0,"parent":0,"menu_order":0,"comment_status":"closed","ping_status":"closed","template":"","meta":{"ngg_post_thumbnail":0,"footnotes":""},"class_list":["post-1876","page","type-page","status-publish","hentry"],"_links":{"self":[{"href":"http:\/\/massatelier-donath.de\/index.php?rest_route=\/wp\/v2\/pages\/1876","targetHints":{"allow":["GET"]}}],"collection":[{"href":"http:\/\/massatelier-donath.de\/index.php?rest_route=\/wp\/v2\/pages"}],"about":[{"href":"http:\/\/massatelier-donath.de\/index.php?rest_route=\/wp\/v2\/types\/page"}],"author":[{"embeddable":true,"href":"http:\/\/massatelier-donath.de\/index.php?rest_route=\/wp\/v2\/users\/1"}],"replies":[{"embeddable":true,"href":"http:\/\/massatelier-donath.de\/index.php?rest_route=%2Fwp%2Fv2%2Fcomments&post=1876"}],"version-history":[{"count":5,"href":"http:\/\/massatelier-donath.de\/index.php?rest_route=\/wp\/v2\/pages\/1876\/revisions"}],"predecessor-version":[{"id":2016,"href":"http:\/\/massatelier-donath.de\/index.php?rest_route=\/wp\/v2\/pages\/1876\/revisions\/2016"}],"wp:attachment":[{"href":"http:\/\/massatelier-donath.de\/index.php?rest_route=%2Fwp%2Fv2%2Fmedia&parent=1876"}],"curies":[{"name":"wp","href":"https:\/\/api.w.org\/{rel}","templated":true}]}}